{"id":999,"date":"2020-11-04T05:03:43","date_gmt":"2020-11-04T05:03:43","guid":{"rendered":"https:\/\/gsmuehlheim.de\/?page_id=999"},"modified":"2024-09-23T04:47:03","modified_gmt":"2024-09-23T04:47:03","slug":"alles-zur-einschulung-2020-21","status":"publish","type":"page","link":"https:\/\/lippachtalschule.de\/?page_id=999","title":{"rendered":"Kooperation \/ Neue Erstkl\u00e4ssler"},"content":{"rendered":"<p><span style=\"font-family: 'comic sans ms', sans-serif; font-size: 17px; color: #000080;\">Das neue Kooperationsjahr hat begonnen.<br \/>\n<\/span><strong><span style=\"color: #000080;\">Wenn Sie Fragen zur Schulf\u00e4higkeit haben, dann wenden Sie sich bitte fr\u00fchzeitig an die Bezugserzieherin, die Kooperationslehrerin oder an den Rektor.<\/span><\/strong><\/p>\n<p><span style=\"font-size: 18px;\"><strong><span style=\"color: #000080;\">Sie k\u00f6nnen eine <\/span><span style=\"color: #000080;\">Zur\u00fcckstellung <\/span><span style=\"color: #000080;\">beantragen, oder die Schule kann eine Zur\u00fcckstellung entscheiden.<br \/>\nIn jedem Fall muss <\/span><\/strong><\/span><strong><span style=\"color: #000080;\"><span style=\"font-size: 18px;\">die Schulleitung diese Entscheidung treffen.<\/span><br \/>\n<span style=\"font-size: 18px;\">Um angemessen entscheiden zu k\u00f6nnen,&nbsp; werden Gespr\u00e4che mit den Eltern, den Erzieherinnen, der Kooperationslehrkraft, evtl. Schulpsychologen, dem Gesundheitsamt usw. gef\u00fchrt.<\/span><br \/>\n<span style=\"font-size: 18px;\">Deshalb unsere dringende Bitte, kommen Sie fr\u00fch auf uns zu, wenn Sie sich mit dem Gedanken tragen einen Antrag auf Zur\u00fcckstellung&nbsp; zu stellen.<\/span><\/p>\n<p><span style=\"font-size: 18px;\">Vorzeitige Einschulung:<br \/>\nWenn Ihr Kind im ersten Schuljahr 6 Jahre alt wird, so wird die landl\u00e4ufig &#8222;Kannkind&#8220; genannt.<br \/>\nWenn Sie der Meinung sind, dass Ihr Kind in die Schule gehen sollte bevor es das 6te Lebensjahr erreicht hat, so kommen Sie auf die Bezugserzieherin, die Kooperationslehrerin oder den Rektor zu.<br \/>\nDann besprechen wir die weiteren Dinge und Regelungen direkt.<\/span><\/span><\/strong><\/p>\n<p><span style=\"font-family: 'comic sans ms', sans-serif; font-size: 17px; color: #000080;\"><span style=\"font-size: 18px;\">Im Nam<\/span>en des ganzen Teams,<\/span><\/p>\n<p><span style=\"font-family: 'comic sans ms', sans-serif; font-size: 17px; color: #000080;\">Herzliche Gr\u00fc\u00dfe<\/span><br \/>\n<span style=\"font-family: 'comic sans ms', sans-serif; font-size: 17px; color: #000080;\">Walther Martin \/ A. Dominke <\/span><br \/>\n<span style=\"font-family: 'comic sans ms', sans-serif; font-size: 17px; color: #000080;\">Rektor \/ Kooperationslehrkraft<\/span><\/p>\n","protected":false},"excerpt":{"rendered":"<p>Das neue Kooperationsjahr hat begonnen. Wenn Sie Fragen zur Schulf\u00e4higkeit haben, dann wenden Sie sich bitte fr\u00fchzeitig an die Bezugserzieherin, die Kooperationslehrerin oder an den Rektor. Sie k\u00f6nnen eine Zur\u00fcckstellung beantragen, oder die Schule kann eine Zur\u00fcckstellung entscheiden. In jedem Fall muss die Schulleitung diese Entscheidung treffen. Um angemessen entscheiden zu k\u00f6nnen,&nbsp; werden Gespr\u00e4che mit [&hellip;]<\/p>\n","protected":false},"author":1,"featured_media":0,"parent":0,"menu_order":0,"comment_status":"closed","ping_status":"closed","template":"","meta":{"ngg_post_thumbnail":0,"ocean_post_layout":"","ocean_both_sidebars_style":"","ocean_both_sidebars_content_width":0,"ocean_both_sidebars_sidebars_width":0,"ocean_sidebar":"0","ocean_second_sidebar":"0","ocean_disable_margins":"enable","ocean_add_body_class":"","ocean_shortcode_before_top_bar":"","ocean_shortcode_after_top_bar":"","ocean_shortcode_before_header":"","ocean_shortcode_after_header":"","ocean_has_shortcode":"","ocean_shortcode_after_title":"","ocean_shortcode_before_footer_widgets":"","ocean_shortcode_after_footer_widgets":"","ocean_shortcode_before_footer_bottom":"","ocean_shortcode_after_footer_bottom":"","ocean_display_top_bar":"default","ocean_display_header":"default","ocean_header_style":"","ocean_center_header_left_menu":"0","ocean_custom_header_template":"0","ocean_custom_logo":0,"ocean_custom_retina_logo":0,"ocean_custom_logo_max_width":0,"ocean_custom_logo_tablet_max_width":0,"ocean_custom_logo_mobile_max_width":0,"ocean_custom_logo_max_height":0,"ocean_custom_logo_tablet_max_height":0,"ocean_custom_logo_mobile_max_height":0,"ocean_header_custom_menu":"0","ocean_menu_typo_font_family":"0","ocean_menu_typo_font_subset":"","ocean_menu_typo_font_size":0,"ocean_menu_typo_font_size_tablet":0,"ocean_menu_typo_font_size_mobile":0,"ocean_menu_typo_font_size_unit":"px","ocean_menu_typo_font_weight":"","ocean_menu_typo_font_weight_tablet":"","ocean_menu_typo_font_weight_mobile":"","ocean_menu_typo_transform":"","ocean_menu_typo_transform_tablet":"","ocean_menu_typo_transform_mobile":"","ocean_menu_typo_line_height":0,"ocean_menu_typo_line_height_tablet":0,"ocean_menu_typo_line_height_mobile":0,"ocean_menu_typo_line_height_unit":"","ocean_menu_typo_spacing":0,"ocean_menu_typo_spacing_tablet":0,"ocean_menu_typo_spacing_mobile":0,"ocean_menu_typo_spacing_unit":"","ocean_menu_link_color":"","ocean_menu_link_color_hover":"","ocean_menu_link_color_active":"","ocean_menu_link_background":"","ocean_menu_link_hover_background":"","ocean_menu_link_active_background":"","ocean_menu_social_links_bg":"","ocean_menu_social_hover_links_bg":"","ocean_menu_social_links_color":"","ocean_menu_social_hover_links_color":"","ocean_disable_title":"default","ocean_disable_heading":"default","ocean_post_title":"","ocean_post_subheading":"","ocean_post_title_style":"","ocean_post_title_background_color":"","ocean_post_title_background":0,"ocean_post_title_bg_image_position":"","ocean_post_title_bg_image_attachment":"","ocean_post_title_bg_image_repeat":"","ocean_post_title_bg_image_size":"","ocean_post_title_height":0,"ocean_post_title_bg_overlay":0.5,"ocean_post_title_bg_overlay_color":"","ocean_disable_breadcrumbs":"default","ocean_breadcrumbs_color":"","ocean_breadcrumbs_separator_color":"","ocean_breadcrumbs_links_color":"","ocean_breadcrumbs_links_hover_color":"","ocean_display_footer_widgets":"default","ocean_display_footer_bottom":"default","ocean_custom_footer_template":"0","footnotes":""},"class_list":["post-999","page","type-page","status-publish","hentry","entry"],"_links":{"self":[{"href":"https:\/\/lippachtalschule.de\/index.php?rest_route=\/wp\/v2\/pages\/999","targetHints":{"allow":["GET"]}}],"collection":[{"href":"https:\/\/lippachtalschule.de\/index.php?rest_route=\/wp\/v2\/pages"}],"about":[{"href":"https:\/\/lippachtalschule.de\/index.php?rest_route=\/wp\/v2\/types\/page"}],"author":[{"embeddable":true,"href":"https:\/\/lippachtalschule.de\/index.php?rest_route=\/wp\/v2\/users\/1"}],"replies":[{"embeddable":true,"href":"https:\/\/lippachtalschule.de\/index.php?rest_route=%2Fwp%2Fv2%2Fcomments&post=999"}],"version-history":[{"count":24,"href":"https:\/\/lippachtalschule.de\/index.php?rest_route=\/wp\/v2\/pages\/999\/revisions"}],"predecessor-version":[{"id":2850,"href":"https:\/\/lippachtalschule.de\/index.php?rest_route=\/wp\/v2\/pages\/999\/revisions\/2850"}],"wp:attachment":[{"href":"https:\/\/lippachtalschule.de\/index.php?rest_route=%2Fwp%2Fv2%2Fmedia&parent=999"}],"curies":[{"name":"wp","href":"https:\/\/api.w.org\/{rel}","templated":true}]}}